{"id":7,"date":"2015-04-28T14:14:08","date_gmt":"2015-04-28T14:14:08","guid":{"rendered":"http:\/\/malisprojekte.web.th-koeln.de\/wordpress\/?page_id=7"},"modified":"2021-05-21T08:24:44","modified_gmt":"2021-05-21T08:24:44","slug":"uber-malis","status":"publish","type":"page","link":"https:\/\/malisprojekte.web.th-koeln.de\/wordpress\/uber-malis\/","title":{"rendered":"\u00dcber den Blog"},"content":{"rendered":"<p style=\"text-align: justify;\">Fragestellungen der Praxis im Bibliotheks- und Informationsbereich aufzugreifen, sie mit wissenschaftlichen Methoden und orientiert an den Bedarfen der Praxis zu bearbeiten, aus den entwickelten Konzepten zu lernen und dabei immer wieder neue Verbesserungspotentiale zu erkennen \u2013 dies sind wichtige Ziele des international akkreditierten, berufsbegleitenden Masterstudiengangs Bibliotheks- und Informationswissenschaft (MALIS) der TH K\u00f6ln. Aus diesem eng an der beruflichen Praxis orientierten Ansatz beziehen die Teilnehmerinnen und Teilnehmer die wesentliche Motivation f\u00fcr die Bearbeitung ihrer Praxisprojekte, von denen in diesem Blog eine Auswahl in lockerer Reihenfolge vorgestellt wird. Ver\u00f6ffentlichungen zu weiteren Aspekten und Ergebnissen dieser Projekte erfolgen in bibliotheks- und informationswissenschaftlichen Fachartikeln.\u00a0 Lesen Sie bei Interesse dort weiter. Soweit m\u00f6glich verlinken wir entsprechende Verweise dorthin direkt aus den Blogbeitr\u00e4gen.<\/p>\n<p>Ungeachtet der Sorgfalt, die auf die Erstellung von Text und Abbildungen verwendet wurde, k\u00f6nnen weder der MALIS-Studiengang noch die TH K\u00f6ln f\u00fcr m\u00f6gliche Fehler und deren Folgen eine juristische Verantwortung oder irgendeine Haftung \u00fcbernehmen. Die Rechte von Abbildungen und Graphiken liegen, wenn nicht anders angegeben, bei den Autor*innen.<\/p>\n","protected":false},"excerpt":{"rendered":"<p>Fragestellungen der Praxis im Bibliotheks- und Informationsbereich aufzugreifen, sie mit wissenschaftlichen Methoden und orientiert an den Bedarfen der Praxis zu bearbeiten, aus den entwickelten Konzepten zu lernen und dabei immer wieder neue Verbesserungspotentiale zu erkennen \u2013 dies sind wichtige Ziele des international akkreditierten, berufsbegleitenden Masterstudiengangs Bibliotheks- und Informationswissenschaft (MALIS) der TH K\u00f6ln. Aus diesem eng an der beruflichen Praxis orientierten Ansatz beziehen die Teilnehmerinnen und Teilnehmer die wesentliche Motivation f\u00fcr die Bearbeitung ihrer Praxisprojekte, von denen in diesem Blog eine Auswahl in lockerer Reihenfolge vorgestellt wird. Ver\u00f6ffentlichungen zu weiteren Aspekten und Ergebnissen dieser Projekte erfolgen in bibliotheks- und informationswissenschaftlichen Fachartikeln.\u00a0 Lesen Sie bei Interesse dort weiter. Soweit m\u00f6glich verlinken wir &hellip; <a href=\"https:\/\/malisprojekte.web.th-koeln.de\/wordpress\/uber-malis\/\" class=\"more-link\"><span class=\"screen-reader-text\">\u00dcber den Blog<\/span> weiterlesen<\/a><\/p>\n","protected":false},"author":1,"featured_media":0,"parent":0,"menu_order":0,"comment_status":"closed","ping_status":"closed","template":"","meta":{"footnotes":""},"class_list":["post-7","page","type-page","status-publish","hentry"],"_links":{"self":[{"href":"https:\/\/malisprojekte.web.th-koeln.de\/wordpress\/wp-json\/wp\/v2\/pages\/7","targetHints":{"allow":["GET"]}}],"collection":[{"href":"https:\/\/malisprojekte.web.th-koeln.de\/wordpress\/wp-json\/wp\/v2\/pages"}],"about":[{"href":"https:\/\/malisprojekte.web.th-koeln.de\/wordpress\/wp-json\/wp\/v2\/types\/page"}],"author":[{"embeddable":true,"href":"https:\/\/malisprojekte.web.th-koeln.de\/wordpress\/wp-json\/wp\/v2\/users\/1"}],"replies":[{"embeddable":true,"href":"https:\/\/malisprojekte.web.th-koeln.de\/wordpress\/wp-json\/wp\/v2\/comments?post=7"}],"version-history":[{"count":14,"href":"https:\/\/malisprojekte.web.th-koeln.de\/wordpress\/wp-json\/wp\/v2\/pages\/7\/revisions"}],"predecessor-version":[{"id":1309,"href":"https:\/\/malisprojekte.web.th-koeln.de\/wordpress\/wp-json\/wp\/v2\/pages\/7\/revisions\/1309"}],"wp:attachment":[{"href":"https:\/\/malisprojekte.web.th-koeln.de\/wordpress\/wp-json\/wp\/v2\/media?parent=7"}],"curies":[{"name":"wp","href":"https:\/\/api.w.org\/{rel}","templated":true}]}}

Über den Blog

<p style="text-align: justify;">Fragestellungen der Praxis im Bibliotheks- und Informationsbereich aufzugreifen, sie mit wissenschaftlichen Methoden und orientiert an den Bedarfen der Praxis zu bearbeiten, aus den entwickelten Konzepten zu lernen und dabei immer wieder neue Verbesserungspotentiale zu erkennen – dies sind wichtige Ziele des international akkreditierten, berufsbegleitenden Masterstudiengangs Bibliotheks- und Informationswissenschaft (MALIS) der TH Köln. Aus diesem eng an der beruflichen Praxis orientierten Ansatz beziehen die Teilnehmerinnen und Teilnehmer die wesentliche Motivation für die Bearbeitung ihrer Praxisprojekte, von denen in diesem Blog eine Auswahl in lockerer Reihenfolge vorgestellt wird. Veröffentlichungen zu weiteren Aspekten und Ergebnissen dieser Projekte erfolgen in bibliotheks- und informationswissenschaftlichen Fachartikeln.  Lesen Sie bei Interesse dort weiter. Soweit möglich verlinken wir entsprechende Verweise dorthin direkt aus den Blogbeiträgen.</p>
<p>Ungeachtet der Sorgfalt, die auf die Erstellung von Text und Abbildungen verwendet wurde, können weder der MALIS-Studiengang noch die TH Köln für mögliche Fehler und deren Folgen eine juristische Verantwortung oder irgendeine Haftung übernehmen. Die Rechte von Abbildungen und Graphiken liegen, wenn nicht anders angegeben, bei den Autor*innen.</p>

<p>Fragestellungen der Praxis im Bibliotheks- und Informationsbereich aufzugreifen, sie mit wissenschaftlichen Methoden und orientiert an den Bedarfen der Praxis zu bearbeiten, aus den entwickelten Konzepten zu lernen und dabei immer wieder neue Verbesserungspotentiale zu erkennen – dies sind wichtige Ziele des international akkreditierten, berufsbegleitenden Masterstudiengangs Bibliotheks- und Informationswissenschaft (MALIS) der TH Köln. Aus diesem eng an der beruflichen Praxis orientierten Ansatz beziehen die Teilnehmerinnen und Teilnehmer die wesentliche Motivation für die Bearbeitung ihrer Praxisprojekte, von denen in diesem Blog eine Auswahl in lockerer Reihenfolge vorgestellt wird. Veröffentlichungen zu weiteren Aspekten und Ergebnissen dieser Projekte erfolgen in bibliotheks- und informationswissenschaftlichen Fachartikeln.  Lesen Sie bei Interesse dort weiter. Soweit möglich verlinken wir &hellip; <a href="https://malisprojekte.web.th-koeln.de/wordpress/uber-malis/" class="more-link"><span class="screen-reader-text">Über den Blog</span> weiterlesen</a></p>
